{"id":468,"date":"2025-11-27T11:24:23","date_gmt":"2025-11-27T11:24:23","guid":{"rendered":"https:\/\/jamavi.es\/index.php\/producto\/vela-cumpleanos-3\/"},"modified":"2025-11-27T11:24:23","modified_gmt":"2025-11-27T11:24:23","slug":"vela-cumpleanos-3","status":"publish","type":"product","link":"https:\/\/jamavi.es\/index.php\/producto\/vela-cumpleanos-3\/","title":{"rendered":"Vela Cumplea\u00f1os 3"},"content":{"rendered":"<p>Vela artesanal de la categor\u00eda Cumplea\u00f1os, modelo 3.<\/p>\n","protected":false},"excerpt":{"rendered":"<p>Vela Cumplea\u00f1os artesanal.<\/p>\n","protected":false},"featured_media":0,"comment_status":"open","ping_status":"closed","template":"","meta":{"_et_pb_use_builder":"","_et_pb_old_content":"","_et_gb_content_width":""},"product_brand":[],"product_cat":[28],"product_tag":[],"class_list":{"0":"post-468","1":"product","2":"type-product","3":"status-publish","5":"product_cat-cumpleanos","7":"first","8":"instock","9":"shipping-taxable","10":"purchasable","11":"product-type-simple"},"jetpack_sharing_enabled":true,"_links":{"self":[{"href":"https:\/\/jamavi.es\/index.php\/wp-json\/wp\/v2\/product\/468","targetHints":{"allow":["GET"]}}],"collection":[{"href":"https:\/\/jamavi.es\/index.php\/wp-json\/wp\/v2\/product"}],"about":[{"href":"https:\/\/jamavi.es\/index.php\/wp-json\/wp\/v2\/types\/product"}],"replies":[{"embeddable":true,"href":"https:\/\/jamavi.es\/index.php\/wp-json\/wp\/v2\/comments?post=468"}],"wp:attachment":[{"href":"https:\/\/jamavi.es\/index.php\/wp-json\/wp\/v2\/media?parent=468"}],"wp:term":[{"taxonomy":"product_brand","embeddable":true,"href":"https:\/\/jamavi.es\/index.php\/wp-json\/wp\/v2\/product_brand?post=468"},{"taxonomy":"product_cat","embeddable":true,"href":"https:\/\/jamavi.es\/index.php\/wp-json\/wp\/v2\/product_cat?post=468"},{"taxonomy":"product_tag","embeddable":true,"href":"https:\/\/jamavi.es\/index.php\/wp-json\/wp\/v2\/product_tag?post=468"}],"curies":[{"name":"wp","href":"https:\/\/api.w.org\/{rel}","templated":true}]}}